remainder when 831 is divided by 103.
7
What is the remainder when 8019 is divided by 34?
29
Calculate the remainder when 29 is divided by 6.
5
What is the remainder when 117 is divided by 45?
27
Calculate the remainder when 29 is divided by 12.
5
Calculate the remainder when 162 is divided by 82.
80
What is the remainder when 26726 is divided by 52?
50
Calculate the remainder when 499 is divided by 21.
16
Calculate the remainder when 4523 is divided by 74.
9
Calculate the remainder when 1275 is divided by 40.
35
Calculate the remainder when 1784 is divided by 19.
17
Calculate the remainder when 271 is divided by 128.
15
What is the remainder when 144 is divided by 86?
58
Calculate the remainder when 3067 is divided by 99.
97
Calculate the remainder when 127 is divided by 10.
7
Calculate the remainder when 566 is divided by 283.
0
Calculate the remainder when 255 is divided by 122.
11
What is the remainder when 2920 is divided by 75?
70
Calculate the remainder when 85786 is divided by 18.
16
Calculate the remainder when 410 is divided by 16.
10
Calculate the remainder when 43 is divided by 23.
20
What is the remainder when 67 is divided by 24?
19
What is the remainder when 431 is divided by 139?
14
Calculate the remainder when 2286 is divided by 11.
9
Calculate the remainder when 2017 is divided by 27.
19
What is the remainder when 849 is divided by 12?
9
What is the remainder when 423 is divided by 25?
23
Calculate the remainder when 659 is divided by 145.
79
What is the remainder when 880 is divided by 17?
13
Calculate the remainder when 54 is divided by 45.
9
What is the remainder when 576 is divided by 73?
65
What is the remainder when 137 is divided by 35?
32
What is the remainder when 164 is divided by 36?
20
What is the remainder when 622 is divided by 16?
14
What is the remainder when 1317 is divided by 8?
5
Calculate the remainder when 935 is divided by 67.
64
Calculate the remainder when 199 is divided by 60.
19
What is the remainder when 1500 is divided by 35?
30
Calculate the remainder when 1179 is divided by 10.
9
Calculate the remainder when 111 is divided by 108.
3
What is the remainder when 1254 is divided by 21?
15
What is the remainder when 4629 is divided by 60?
9
Calculate the remainder when 399 is divided by 94.
23
What is the remainder when 398 is divided by 51?
41
What is the remainder when 2663 is divided by 36?
35
What is the remainder when 596 is divided by 207?
182
What is the remainder when 169 is divided by 17?
16
Calculate the remainder when 56 is divided by 27.
2
Calculate the remainder when 612 is divided by 177.
81
Calculate the remainder when 1044 is divided by 175.
169
Calculate the remainder when 266 is divided by 8.
2
What is the remainder when 170 is divided by 4?
2
Calculate the remainder when 5049 is divided by 44.
33
What is the remainder when 414 is divided by 32?
30
Calculate the remainder when 59347 is divided by 74.
73
Calculate the remainder when 173 is divided by 3.
2
What is the remainder when 1272 is divided by 190?
132
What is the remainder when 211 is divided by 180?
31
Calculate the remainder when 133 is divided by 44.
1
What is the remainder when 133 is divided by 46?
41
Calculate the remainder when 1363 is divided by 37.
31
Calculate the remainder when 213 is divided by 54.
51
Calculate the remainder when 97 is divided by 7.
6
What is the remainder when 132 is divided by 58?
16
Calculate the remainder when 274 is divided by 25.
24
What is the remainder when 354 is divided by 115?
9
What is the remainder when 130 is divided by 21?
4
What is the remainder when 149 is divided by 32?
21
What is the remainder when 25 is divided by 8?
1
What is the remainder when 4100 is divided by 76?
72
What is the remainder when 227 is divided by 31?
10
What is the remainder when 15119 is divided by 56?
55
Calculate the remainder when 1308 is divided by 327.
0
What is the remainder when 460 is divided by 104?
44
Calculate the remainder when 1307 is divided by 53.
35
Calculate the remainder when 1156 is divided by 27.
22
What is the remainder when 3063 is divided by 26?
21
Calculate the remainder when 323 is divided by 9.
8
Calculate the remainder when 553 is divided by 291.
262
Calculate the remainder when 76 is divided by 36.
4
Calculate the remainder when 14 is divided by 8.
6
Calculate the remainder when 3978 is divided by 992.
10
What is the remainder when 1870 is divided by 235?
225
What is the remainder when 559 is divided by 27?
19
What is the remainder when 222 is divided by 151?
71
What is the remainder when 772 is divided by 11?
2
Calculate the remainder when 281 is divided by 133.
15
Calculate the remainder when 386 is divided by 114.
44
What is the remainder when 4002 is divided by 12?
6
Calculate the remainder when 82 is divided by 12.
10
What is the remainder when 2504 is divided by 12?
8
What is the remainder when 222 is divided by 16?
14
What is the remainder when 305 is divided by 20?
5
What is the remainder when 77 is divided by 12?
5
What is the remainder when 316 is divided by 16?
12
What is the remainder when 100 is divided by 39?
22
Calculate the remainder when 275 is divided by 58.
43
Calculate the remainder when 1538 is divided by 70.
68
What is the remainder when 982 is divided by 8?
6
What is the remainder when 96 is divided by 30?
6
What is the remainder when 9 is divided by 5?
4
Calculate the remainder when 179 is divided by 110.
69
Calculate the remainder when 2575 is divided by 13.
1
Calculate the remainder when 7794 is divided by 3896.
2
Calculate the remainder when 8847 is divided by 206.
195
Calculate the remainder when 169 is divided by 161.
8
Calculate the remainder when 3967 is divided by 32.
31
Calculate the remainder when 460 is divided by 116.
112
What is the remainder when 37 is divided by 24?
13
Calculate the remainder when 1229 is divided by 22.
19
What is the remainder when 1453 is divided by 458?
79
What is the remainder when 95 is divided by 10?
5
What is the remainder when 212 is divided by 27?
23
Calculate the remainder when 368 is divided by 132.
104
Calculate the remainder when 9686 is divided by 56.
54
Calculate the remainder when 680 is divided by 13.
4
What is the remainder when 205 is divided by 52?
49
What is the remainder when 605 is divided by 61?
56
Calculate the remainder when 130 is divided by 58.
14
Calculate the remainder when 54 is divided by 15.
9
Calculate the remainder when 518 is divided by 264.
254
What is the remainder when 224 is divided by 59?
47
Calculate the remainder when 302 is divided by 81.
59
Calculate the remainder when 1367 is divided by 72.
71
What is the remainder when 8442 is divided by 15?
12
Calculate the remainder when 301 is divided by 2.
1
Calculate the remainder when 382 is divided by 99.
85
What is the remainder when 727 is divided by 352?
23
Calculate the remainder when 1005 is divided by 84.
81
Calculate the remainder when 2169 is divided by 722.
3
What is the remainder when 67 is divided by 7?
4
What is the remainder when 72 is divided by 28?
16
Calculate the remainder when 1014 is divided by 11.
2
What is the remainder when 145 is divided by 74?
71
Calculate the remainder when 363 is divided by 210.
153
Calculate the remainder when 66 is divided by 14.
10
What is the remainder when 212 is divided by 18?
14
What is the remainder when 992 is divided by 71?
69
Calculate the remainder when 385 is divided by 65.
60
Calculate the remainder when 30 is divided by 13.
4
What is the remainder when 575 is divided by 284?
7
What is the remainder when 4187 is divided by 1378?
53
Calculate the remainder when 379 is divided by 19.
18
Calculate the remainder when 75 is divided by 5.
0
Calculate the remainder when 3583 is divided by 22.
19
What is the remainder when 172 is divided by 156?
16
What is the remainder when 78587 is divided by 109?
107
Calculate the remainder when 380 is divided by 96.
92
What is the remainder when 715 is divided by 235?
10
What is the remainder when 464 is divided by 83?
49
What is the remainder when 106 is divided by 17?
4
What is the remainder when 2736 is divided by 1364?
8
What is the remainder when 280 is divided by 129?
22
What is the remainder when 58 is divided by 7?
2
What is the remainder whe